der when v is divided by 5.
3
Let b(j) = j**3 + j**2 - 5*j + 2. What is the remainder when b(4) is divided by 13?
10
Suppose -2*h + 13 = -h. Let d(m) = 3*m**3 - m**2 + 2*m. Let f(g) = g**3 - 2*g**2 + 2. Let c be f(2). Calculate the remainder when d(c) is divided by h.
11
Let p(q) = q**2 + 6*q - 5. Let b be p(-7). Calculate the remainder when (2 + -3)/(b/(-46)) is divided by 12.
11
Suppose 9*w - 185 = 4*w. What is the remainder when 110 is divided by w?
36
Let n(q) = -q**2 + 5*q + 2. Let r be n(5). Suppose -r = 2*b + 4. Calculate the remainder when 28 is divided by 13 + (-1)/(b/6).
13
Suppose 0 = h - 2, -4*w + 355 + 59 = -3*h. Calculate the remainder when w is divided by 27.
24
Suppose -41 = -u - 5. Let n = 23 - u. Let s = -3 - n. What is the remainder when 27 is divided by s?
7
Suppose -4*y - 9 - 8 = -5*t, t = -4*y + 13. Let o = y + -1. Let a(j) = 15*j**2 + 1. Calculate the remainder when 31 is divided by a(o).
15
Let d = -4 + 6. Suppose 3*g = d*r - 34, 64 + 2 = 5*r + 2*g. Calculate the remainder when r is divided by 5.
4
Let o = 86 + -20. Calculate the remainder when o is divided by 23.
20
Let c be (2/2 - 0)*1. Let t = 38 - c. Calculate the remainder when t is divided by 13.
11
Calculate the remainder when (-604)/(-12) + (-16)/12 is divided by 25.
24
Suppose 0 = -5*d + d + 296. Calculate the remainder when d is divided by 19.
17
Suppose 18 = -l - 4*p, -3*l + 0*l = 3*p + 9. Suppose -4*h + 104 + 14 = -b, l*b = h - 33. Calculate the remainder when h is divided by 6.
5
What is the remainder when (-8)/3*(-30)/(-20)*-2 is divided by 6?
2
Let b(n) = n**3 + 7*n**2 - n - 3. Let w be b(-7). Suppose 3*l - 5*l + 24 = 2*i, -w*l = 3*i - 41. What is the remainder when 24 is divided by i?
3
Let l = 25 + -18. Suppose 30 = -2*d + l*d. Calculate the remainder when (6/(-9))/(1/(-15)) is divided by d.
4
Let w be 10/(-6)*(-1 + -2). Suppose -w*k + 754 = 2*r, 4*k + 2*r - 623 = 7*r. Let u = k + -105. Calculate the remainder when u is divided by 16.
15
Let s = 50 - 106. Let b = 79 + s. What is the remainder when b is divided by 6?
5
Let j = -9 - -26. What is the remainder when 65 is divided by j?
14
Let w(i) = -13*i + 50. Calculate the remainder when 32 is divided by w(3).
10
Suppose 5 = -5*u + 55. Calculate the remainder when u is divided by 6.
4
Let n = -19 + 35. Suppose -10 = -5*v - 0*v. Suppose 46 = v*u - 46. Calculate the remainder when u is divided by n.
14
What is the remainder when 30 is divided by 8 + (-80)/(-50) + 4/10?
0
Suppose n + 28 = 2*n. Suppose 3*o = -3*o + 60. Calculate the remainder when n is divided by o.
8
Suppose 0 = 3*n + 9, 308 - 119 = 3*c - n. Calculate the remainder when c is divided by 13.
10
Suppose 0 = 2*l - 3*q - 176 - 119, -3*l - 2*q = -410. What is the remainder when l is divided by 48?
44
Let l(h) = 3*h**2 - 3*h + 11. Calculate the remainder when l(-6) is divided by 28.
25
Let b(g) = -2*g + 1. Let l be b(-1). Suppose 8 = -l*r + 20. What is the remainder when r is divided by 3?
1
Let a(u) = -u**3 - 14*u**2 - 3*u - 17. Suppose 0 = 3*i - 7*i + r - 58, 0 = -5*i + 4*r - 78. Calculate the remainder when 98 is divided by a(i).
23
Let o(z) = -6*z - 4. Calculate the remainder when 25 is divided by o(-3).
11
Let u(x) = -2*x - 8. What is the remainder when 10 + 6/4*2 is divided by u(-6)?
1
Suppose -3*u - 2 = 2*x + 2, 4*u + 4*x + 12 = 0. Suppose l = -0*l - u*z + 8, 3*l + 6 = 4*z. What is the remainder when l is divided by 1?
0
Let t be (1 + 1*-2)*-3. Let w = t + 22. Let n = 40 - 31. Calculate the remainder when w is divided by n.
7
Let b = -12 - -26. Calculate the remainder when 25 is divided by b.
11
Let d = -42 - -24. Let f = 84 - d. Suppose -4*w - 3*n + 8*n = -f, -8 = 4*n. Calculate the remainder when w is divided by 8.
7
Let k be 4/20 + (-3)/15. Suppose 5*b + 0*s + 2*s - 50 = k, -b + 4*s = -10. What is the remainder when 26 is divided by b?
6
Let k = 70 + -38. Let g(o) = 3*o - 34. What is the remainder when k is divided by g(15)?
10
Let n(p) be the third derivative of 0*p + 1/60*p**5 + 2/3*p**3 + 1/12*p**4 + 2*p**2 + 0. Calculate the remainder when 20 is divided by n(-3).
6
Suppose -8 = -4*j + 4. Let u be (-261)/15 + j/(-5). Let i = 1 - u. Calculate the remainder when 73 is divided by i.
16
Suppose -4*k + 0 + 19 = f, f = 2*k - 5. What is the remainder when k is divided by 3?
1
Suppose -446 = -4*i + a - 114, -272 = -3*i - 5*a. Suppose c + 55 = 4*f - i, 3*c + 9 = 0. Calculate the remainder when f is divided by 12.
10
Let s(b) = 13*b + 12. Let n be s(6). Suppose -5*u - 20 = -n. Calculate the remainder when ((-3)/2 + 2)*106 is divided by u.
11
Suppose -3*w = 2*w + 35. Let t(h) = h**2 + 7*h + 7. What is the remainder when 20 is divided by t(w)?
6
Let v = 16 - 7. What is the remainder when 37 is divided by 30/v*(5 + -2)?
7
Let y(u) = u**3 + u**2 + u + 33. What is the remainder when y(0) is divided by 7?
5
Suppose -2*l = 2*l - 220. Suppose 5*n = -2*m + 43, -5*n = 4*m - 32 - 49. Calculate the remainder when l is divided by m.
17
Let f be 14/3 - 4/(-12). Suppose 4*q = f*i - 151, q - 112 = -4*i + 13. What is the remainder when i is divided by 8?
7
Let i be (-2)/(-4) - (-261)/6. Suppose 0 = n + 6 - i. Suppose -d - 38 - 23 = -3*t, 4*t - 79 = -d. Calculate the remainder when n is divided by t.
18
Let u(w) = 2*w**2 + 3*w - 4. Let q(f) = 31*f**2 - 2*f + 1. Calculate the remainder when q(1) is divided by u(-4).
14
Let n be (-12 - -1) + (0 - 2). Let w(a) = a**2 + 11*a - 17. Let d(j) = -j**2 - 7*j. What is the remainder when w(n) is divided by d(-6)?
3
Let b = 32 - 17. Let h be -1 + (1 - 1) + 33. Let f = -3 + h. Calculate the remainder when f is divided by b.
14
Let t = -205 + 304. Suppose -2*i - i + t = 0. What is the remainder when i is divided by 12?
9
Suppose 3*n + 4*f + 4 = 2*f, 7 = -4*n - f. Let b be (1 - (2 + n)) + -6. Let d(i) = 3*i**2 + 5*i - 3. Calculate the remainder when d(b) is divided by 12.
11
Let s be ((-63)/(-12))/7*4. Suppose -4*z + 5 = -s*z. Suppose 4*d - 69 = z*f, 0 = d - 3*d + 4*f + 42. Calculate the remainder when 32 is divided by d.
10
Let u = -54 + 101. What is the remainder when u is divided by 7?
5
Suppose -11 = -2*s + 4*j - 3, -3*s - j + 26 = 0. What is the remainder when 21 is divided by s?
5
Suppose -3*t - 1 + 16 = 0. Suppose 4*g - t*p - 138 = 0, 3*p = 2*p + 2. Let j = g + -20. What is the remainder when 33 is divided by j?
16
Suppose 10*o = 16*o - 804. Calculate the remainder when o is divided by 27.
26
Let f(u) = 3*u - 12. Calculate the remainder when f(6) is divided by 1.
0
Suppose 0 = -r - r + 18. What is the remainder when (-5 - -3) + (29 - 1) is divided by r?
8
Let o(u) = -3*u + 7*u + 7*u - u**2 - 11. What is the remainder when 27 is divided by o(9)?
6
Let s(a) = -2*a + 3. Let r be s(-5). Let b = r - -16. Suppose 3*g - 20 = g. What is the remainder when b is divided by g?
9
Let s(r) = 8*r - 4. Let f be s(3). Let p = 63 - f. Calculate the remainder when p is divided by 23.
20
Suppose -2*f = 5*r - 0*f - 95, -4*r - 4*f = -88. Let p(q) = -q**2 + 9*q - 9. What is the remainder when r is divided by p(7)?
2
Suppose 5*n + 3*j = 25 + 200, 5*n - 4*j - 190 = 0. Let a = -23 - -45. What is the remainder when n is divided by a?
20
Let o = 11 - -18. Calculate the remainder when 86 is divided by o.
28
Suppose 4*p + h = 2*h + 87, -2*p - 4*h + 66 = 0. Suppose a + p = 2*a. Calculate the remainder when a is divided by 6.
5
What is the remainder when 25 is divided by (-120)/30 + (4/(-2) - -14)?
1
Suppose 3*z - 6 = -0. Let o be z - 5/((-10)/(-452)). What is the remainder when 3/(-9) + o/(-6) is divided by 13?
11
What is the remainder when 31 is divided by (1/(3/33))/1?
9
Let y = 35 - 21. Calculate the remainder when 52 is divided by y.
10
Let u = 38 + -32. What is the remainder when 23 is divided by u?
5
Suppose -5*z + 20 = -0*z. Suppose z*f - 48 - 24 = 0. Calculate the remainder when f is divided by 10.
8
Let f = -22 - -39. Suppose 0 = -5*m + 6*m - f. What is the remainder when 49 is divided by m?
15
What is the remainder when 6/10 + (-264)/(-10) is divided by ((-1)/3)/(2/(-84))?
13
Let r = -3 + 7. Suppose 3*t + 2*t - 7 = 3*w, 3*w + 11 = 4*t. What is the remainder when 66/w*(-6)/4 is divided by r?
3
Suppose -2*t = -2*o - 18, -3*t - 4*o + 27 = 2*t. What is the remainder when t is divided by 5?
2
Suppose i + 2 = 32. Suppose 3*h - 4*h + i = 0. S